{"id":91,"date":"2024-09-02T09:09:57","date_gmt":"2024-09-02T09:09:57","guid":{"rendered":"https:\/\/liderconsulting.skydoo.com.pl\/?page_id=91"},"modified":"2024-09-05T08:02:38","modified_gmt":"2024-09-05T08:02:38","slug":"doradztwo","status":"publish","type":"page","link":"https:\/\/liderconsulting.eu\/?page_id=91","title":{"rendered":"Doradztwo"},"content":{"rendered":"\t\t<div data-elementor-type=\"wp-page\" data-elementor-id=\"91\" class=\"elementor elementor-91\" data-elementor-post-type=\"page\">\n\t\t\t\t<div class=\"elementor-element elementor-element-5950b9b e-flex e-con-boxed e-con e-parent\" data-id=\"5950b9b\" data-element_type=\"container\" data-e-type=\"container\">\n\t\t\t\t\t<div class=\"e-con-inner\">\n\t\t\t\t<div class=\"elementor-element elementor-element-8965016 elementor-widget elementor-widget-heading\" data-id=\"8965016\" data-element_type=\"widget\" data-e-type=\"widget\" data-widget_type=\"heading.default\">\n\t\t\t\t<div class=\"elementor-widget-container\">\n\t\t\t\t\t<h3 class=\"elementor-heading-title elementor-size-default\">Dzia\u0142alno\u015b\u0107 gospodarcza<\/h3>\t\t\t\t<\/div>\n\t\t\t\t<\/div>\n\t\t\t\t<div class=\"elementor-element elementor-element-8ab625f elementor-widget elementor-widget-heading\" data-id=\"8ab625f\" data-element_type=\"widget\" data-e-type=\"widget\" data-widget_type=\"heading.default\">\n\t\t\t\t<div class=\"elementor-widget-container\">\n\t\t\t\t\t<h2 class=\"elementor-heading-title elementor-size-default\">Nasza wiedza pozwala rozwia\u0107 wszelkie w\u0105tpliwo\u015bci<\/h2>\t\t\t\t<\/div>\n\t\t\t\t<\/div>\n\t\t\t\t\t<\/div>\n\t\t\t\t<\/div>\n\t\t<div class=\"elementor-element elementor-element-c9b10cf e-flex e-con-boxed e-con e-parent\" data-id=\"c9b10cf\" data-element_type=\"container\" data-e-type=\"container\">\n\t\t\t\t\t<div class=\"e-con-inner\">\n\t\t<div class=\"elementor-element elementor-element-ff8988a e-con-full e-flex e-con e-child\" data-id=\"ff8988a\" data-element_type=\"container\" data-e-type=\"container\">\n\t\t\t\t<div class=\"elementor-element elementor-element-5aa547a elementor-widget elementor-widget-image\" data-id=\"5aa547a\" data-element_type=\"widget\" data-e-type=\"widget\" data-widget_type=\"image.default\">\n\t\t\t\t<div class=\"elementor-widget-container\">\n\t\t\t\t\t\t\t\t\t\t\t\t\t\t\t<img fetchpriority=\"high\" decoding=\"async\" width=\"827\" height=\"205\" src=\"https:\/\/liderconsulting.eu\/wp-content\/uploads\/2024\/09\/Frame-1751.png\" class=\"attachment-full size-full wp-image-97\" alt=\"\" srcset=\"https:\/\/liderconsulting.eu\/wp-content\/uploads\/2024\/09\/Frame-1751.png 827w, https:\/\/liderconsulting.eu\/wp-content\/uploads\/2024\/09\/Frame-1751-300x74.png 300w, https:\/\/liderconsulting.eu\/wp-content\/uploads\/2024\/09\/Frame-1751-768x190.png 768w\" sizes=\"(max-width: 827px) 100vw, 827px\" \/>\t\t\t\t\t\t\t\t\t\t\t\t\t\t\t<\/div>\n\t\t\t\t<\/div>\n\t\t\t\t<\/div>\n\t\t<div class=\"elementor-element elementor-element-eb403bb e-con-full e-flex e-con e-child\" data-id=\"eb403bb\" data-element_type=\"container\" data-e-type=\"container\">\n\t\t\t\t<div class=\"elementor-element elementor-element-3396893 elementor-widget elementor-widget-heading\" data-id=\"3396893\" data-element_type=\"widget\" data-e-type=\"widget\" data-widget_type=\"heading.default\">\n\t\t\t\t<div class=\"elementor-widget-container\">\n\t\t\t\t\t<h2 class=\"elementor-heading-title elementor-size-default\">DORADZTWO W ZAKRESIE PROWADZENIA DZIA\u0141ANO\u015aCI GOSPODARCZEJ<\/h2>\t\t\t\t<\/div>\n\t\t\t\t<\/div>\n\t\t\t\t<div class=\"elementor-element elementor-element-d2c33e2 elementor-widget elementor-widget-text-editor\" data-id=\"d2c33e2\" data-element_type=\"widget\" data-e-type=\"widget\" data-widget_type=\"text-editor.default\">\n\t\t\t\t<div class=\"elementor-widget-container\">\n\t\t\t\t\t\t\t\t\t<ul><li>Kompleksowa obs\u0142uga zwi\u0105zana z rejestracj\u0105 firm, przedstawicielstw\u00a0 i oddzia\u0142\u00f3w (wnioski do KRS, reprezentacja przed urz\u0119dami)<\/li><li>Pomoc w negocjacjach z kontrahentami<\/li><li>T\u0142umaczenia<\/li><\/ul>\t\t\t\t\t\t\t\t<\/div>\n\t\t\t\t<\/div>\n\t\t\t\t<\/div>\n\t\t\t\t\t<\/div>\n\t\t\t\t<\/div>\n\t\t\t\t<\/div>\n\t\t","protected":false},"excerpt":{"rendered":"<p>Dzia\u0142alno\u015b\u0107 gospodarcza Nasza wiedza pozwala rozwia\u0107 wszelkie w\u0105tpliwo\u015bci DORADZTWO W ZAKRESIE PROWADZENIA DZIA\u0141ANO\u015aCI GOSPODARCZEJ Kompleksowa obs\u0142uga zwi\u0105zana z rejestracj\u0105 firm, przedstawicielstw\u00a0 i oddzia\u0142\u00f3w (wnioski do KRS, reprezentacja przed urz\u0119dami) Pomoc w negocjacjach z kontrahentami T\u0142umaczenia<\/p>\n","protected":false},"author":1,"featured_media":0,"parent":0,"menu_order":0,"comment_status":"closed","ping_status":"closed","template":"elementor_header_footer","meta":{"footnotes":""},"class_list":["post-91","page","type-page","status-publish","hentry"],"yoast_head":"<!-- This site is optimized with the Yoast SEO plugin v27.4 - https:\/\/yoast.com\/product\/yoast-seo-wordpress\/ -->\n<title>Doradztwo - LiderConsulting<\/title>\n<meta name=\"robots\" content=\"index, follow, max-snippet:-1, max-image-preview:large, max-video-preview:-1\" \/>\n<link rel=\"canonical\" href=\"https:\/\/liderconsulting.eu\/?page_id=91\" \/>\n<meta property=\"og:locale\" content=\"pl_PL\" \/>\n<meta property=\"og:type\" content=\"article\" \/>\n<meta property=\"og:title\" content=\"Doradztwo - LiderConsulting\" \/>\n<meta property=\"og:description\" content=\"Dzia\u0142alno\u015b\u0107 gospodarcza Nasza wiedza pozwala rozwia\u0107 wszelkie w\u0105tpliwo\u015bci DORADZTWO W ZAKRESIE PROWADZENIA DZIA\u0141ANO\u015aCI GOSPODARCZEJ Kompleksowa obs\u0142uga zwi\u0105zana z rejestracj\u0105 firm, przedstawicielstw\u00a0 i oddzia\u0142\u00f3w (wnioski do KRS, reprezentacja przed urz\u0119dami) Pomoc w negocjacjach z kontrahentami T\u0142umaczenia\" \/>\n<meta property=\"og:url\" content=\"https:\/\/liderconsulting.eu\/?page_id=91\" \/>\n<meta property=\"og:site_name\" content=\"LiderConsulting\" \/>\n<meta property=\"article:modified_time\" content=\"2024-09-05T08:02:38+00:00\" \/>\n<meta property=\"og:image\" content=\"https:\/\/liderconsulting.eu\/wp-content\/uploads\/2024\/09\/Frame-1751.png\" \/>\n\t<meta property=\"og:image:width\" content=\"827\" \/>\n\t<meta property=\"og:image:height\" content=\"205\" \/>\n\t<meta property=\"og:image:type\" content=\"image\/png\" \/>\n<meta name=\"twitter:card\" content=\"summary_large_image\" \/>\n<script type=\"application\/ld+json\" class=\"yoast-schema-graph\">{\"@context\":\"https:\\\/\\\/schema.org\",\"@graph\":[{\"@type\":\"WebPage\",\"@id\":\"https:\\\/\\\/liderconsulting.eu\\\/?page_id=91\",\"url\":\"https:\\\/\\\/liderconsulting.eu\\\/?page_id=91\",\"name\":\"Doradztwo - LiderConsulting\",\"isPartOf\":{\"@id\":\"https:\\\/\\\/liderconsulting.eu\\\/#website\"},\"primaryImageOfPage\":{\"@id\":\"https:\\\/\\\/liderconsulting.eu\\\/?page_id=91#primaryimage\"},\"image\":{\"@id\":\"https:\\\/\\\/liderconsulting.eu\\\/?page_id=91#primaryimage\"},\"thumbnailUrl\":\"https:\\\/\\\/liderconsulting.eu\\\/wp-content\\\/uploads\\\/2024\\\/09\\\/Frame-1751.png\",\"datePublished\":\"2024-09-02T09:09:57+00:00\",\"dateModified\":\"2024-09-05T08:02:38+00:00\",\"breadcrumb\":{\"@id\":\"https:\\\/\\\/liderconsulting.eu\\\/?page_id=91#breadcrumb\"},\"inLanguage\":\"pl-PL\",\"potentialAction\":[{\"@type\":\"ReadAction\",\"target\":[\"https:\\\/\\\/liderconsulting.eu\\\/?page_id=91\"]}]},{\"@type\":\"ImageObject\",\"inLanguage\":\"pl-PL\",\"@id\":\"https:\\\/\\\/liderconsulting.eu\\\/?page_id=91#primaryimage\",\"url\":\"https:\\\/\\\/liderconsulting.eu\\\/wp-content\\\/uploads\\\/2024\\\/09\\\/Frame-1751.png\",\"contentUrl\":\"https:\\\/\\\/liderconsulting.eu\\\/wp-content\\\/uploads\\\/2024\\\/09\\\/Frame-1751.png\",\"width\":827,\"height\":205},{\"@type\":\"BreadcrumbList\",\"@id\":\"https:\\\/\\\/liderconsulting.eu\\\/?page_id=91#breadcrumb\",\"itemListElement\":[{\"@type\":\"ListItem\",\"position\":1,\"name\":\"Strona g\u0142\u00f3wna\",\"item\":\"https:\\\/\\\/liderconsulting.eu\\\/\"},{\"@type\":\"ListItem\",\"position\":2,\"name\":\"Doradztwo\"}]},{\"@type\":\"WebSite\",\"@id\":\"https:\\\/\\\/liderconsulting.eu\\\/#website\",\"url\":\"https:\\\/\\\/liderconsulting.eu\\\/\",\"name\":\"LiderConsulting\",\"description\":\"Doradztwo, Ksi\u0119gowo\u015b\u0107, Po\u015brednictwo finansowe\",\"publisher\":{\"@id\":\"https:\\\/\\\/liderconsulting.eu\\\/#organization\"},\"potentialAction\":[{\"@type\":\"SearchAction\",\"target\":{\"@type\":\"EntryPoint\",\"urlTemplate\":\"https:\\\/\\\/liderconsulting.eu\\\/?s={search_term_string}\"},\"query-input\":{\"@type\":\"PropertyValueSpecification\",\"valueRequired\":true,\"valueName\":\"search_term_string\"}}],\"inLanguage\":\"pl-PL\"},{\"@type\":\"Organization\",\"@id\":\"https:\\\/\\\/liderconsulting.eu\\\/#organization\",\"name\":\"LiderConsulting\",\"url\":\"https:\\\/\\\/liderconsulting.eu\\\/\",\"logo\":{\"@type\":\"ImageObject\",\"inLanguage\":\"pl-PL\",\"@id\":\"https:\\\/\\\/liderconsulting.eu\\\/#\\\/schema\\\/logo\\\/image\\\/\",\"url\":\"https:\\\/\\\/liderconsulting.eu\\\/wp-content\\\/uploads\\\/2024\\\/08\\\/LogoItem-2.png\",\"contentUrl\":\"https:\\\/\\\/liderconsulting.eu\\\/wp-content\\\/uploads\\\/2024\\\/08\\\/LogoItem-2.png\",\"width\":332,\"height\":100,\"caption\":\"LiderConsulting\"},\"image\":{\"@id\":\"https:\\\/\\\/liderconsulting.eu\\\/#\\\/schema\\\/logo\\\/image\\\/\"}}]}<\/script>\n<!-- \/ Yoast SEO plugin. -->","yoast_head_json":{"title":"Doradztwo - LiderConsulting","robots":{"index":"index","follow":"follow","max-snippet":"max-snippet:-1","max-image-preview":"max-image-preview:large","max-video-preview":"max-video-preview:-1"},"canonical":"https:\/\/liderconsulting.eu\/?page_id=91","og_locale":"pl_PL","og_type":"article","og_title":"Doradztwo - LiderConsulting","og_description":"Dzia\u0142alno\u015b\u0107 gospodarcza Nasza wiedza pozwala rozwia\u0107 wszelkie w\u0105tpliwo\u015bci DORADZTWO W ZAKRESIE PROWADZENIA DZIA\u0141ANO\u015aCI GOSPODARCZEJ Kompleksowa obs\u0142uga zwi\u0105zana z rejestracj\u0105 firm, przedstawicielstw\u00a0 i oddzia\u0142\u00f3w (wnioski do KRS, reprezentacja przed urz\u0119dami) Pomoc w negocjacjach z kontrahentami T\u0142umaczenia","og_url":"https:\/\/liderconsulting.eu\/?page_id=91","og_site_name":"LiderConsulting","article_modified_time":"2024-09-05T08:02:38+00:00","og_image":[{"width":827,"height":205,"url":"https:\/\/liderconsulting.eu\/wp-content\/uploads\/2024\/09\/Frame-1751.png","type":"image\/png"}],"twitter_card":"summary_large_image","schema":{"@context":"https:\/\/schema.org","@graph":[{"@type":"WebPage","@id":"https:\/\/liderconsulting.eu\/?page_id=91","url":"https:\/\/liderconsulting.eu\/?page_id=91","name":"Doradztwo - LiderConsulting","isPartOf":{"@id":"https:\/\/liderconsulting.eu\/#website"},"primaryImageOfPage":{"@id":"https:\/\/liderconsulting.eu\/?page_id=91#primaryimage"},"image":{"@id":"https:\/\/liderconsulting.eu\/?page_id=91#primaryimage"},"thumbnailUrl":"https:\/\/liderconsulting.eu\/wp-content\/uploads\/2024\/09\/Frame-1751.png","datePublished":"2024-09-02T09:09:57+00:00","dateModified":"2024-09-05T08:02:38+00:00","breadcrumb":{"@id":"https:\/\/liderconsulting.eu\/?page_id=91#breadcrumb"},"inLanguage":"pl-PL","potentialAction":[{"@type":"ReadAction","target":["https:\/\/liderconsulting.eu\/?page_id=91"]}]},{"@type":"ImageObject","inLanguage":"pl-PL","@id":"https:\/\/liderconsulting.eu\/?page_id=91#primaryimage","url":"https:\/\/liderconsulting.eu\/wp-content\/uploads\/2024\/09\/Frame-1751.png","contentUrl":"https:\/\/liderconsulting.eu\/wp-content\/uploads\/2024\/09\/Frame-1751.png","width":827,"height":205},{"@type":"BreadcrumbList","@id":"https:\/\/liderconsulting.eu\/?page_id=91#breadcrumb","itemListElement":[{"@type":"ListItem","position":1,"name":"Strona g\u0142\u00f3wna","item":"https:\/\/liderconsulting.eu\/"},{"@type":"ListItem","position":2,"name":"Doradztwo"}]},{"@type":"WebSite","@id":"https:\/\/liderconsulting.eu\/#website","url":"https:\/\/liderconsulting.eu\/","name":"LiderConsulting","description":"Doradztwo, Ksi\u0119gowo\u015b\u0107, Po\u015brednictwo finansowe","publisher":{"@id":"https:\/\/liderconsulting.eu\/#organization"},"potentialAction":[{"@type":"SearchAction","target":{"@type":"EntryPoint","urlTemplate":"https:\/\/liderconsulting.eu\/?s={search_term_string}"},"query-input":{"@type":"PropertyValueSpecification","valueRequired":true,"valueName":"search_term_string"}}],"inLanguage":"pl-PL"},{"@type":"Organization","@id":"https:\/\/liderconsulting.eu\/#organization","name":"LiderConsulting","url":"https:\/\/liderconsulting.eu\/","logo":{"@type":"ImageObject","inLanguage":"pl-PL","@id":"https:\/\/liderconsulting.eu\/#\/schema\/logo\/image\/","url":"https:\/\/liderconsulting.eu\/wp-content\/uploads\/2024\/08\/LogoItem-2.png","contentUrl":"https:\/\/liderconsulting.eu\/wp-content\/uploads\/2024\/08\/LogoItem-2.png","width":332,"height":100,"caption":"LiderConsulting"},"image":{"@id":"https:\/\/liderconsulting.eu\/#\/schema\/logo\/image\/"}}]}},"_links":{"self":[{"href":"https:\/\/liderconsulting.eu\/index.php?rest_route=\/wp\/v2\/pages\/91","targetHints":{"allow":["GET"]}}],"collection":[{"href":"https:\/\/liderconsulting.eu\/index.php?rest_route=\/wp\/v2\/pages"}],"about":[{"href":"https:\/\/liderconsulting.eu\/index.php?rest_route=\/wp\/v2\/types\/page"}],"author":[{"embeddable":true,"href":"https:\/\/liderconsulting.eu\/index.php?rest_route=\/wp\/v2\/users\/1"}],"replies":[{"embeddable":true,"href":"https:\/\/liderconsulting.eu\/index.php?rest_route=%2Fwp%2Fv2%2Fcomments&post=91"}],"version-history":[{"count":28,"href":"https:\/\/liderconsulting.eu\/index.php?rest_route=\/wp\/v2\/pages\/91\/revisions"}],"predecessor-version":[{"id":465,"href":"https:\/\/liderconsulting.eu\/index.php?rest_route=\/wp\/v2\/pages\/91\/revisions\/465"}],"wp:attachment":[{"href":"https:\/\/liderconsulting.eu\/index.php?rest_route=%2Fwp%2Fv2%2Fmedia&parent=91"}],"curies":[{"name":"wp","href":"https:\/\/api.w.org\/{rel}","templated":true}]}}